4*q + s, -4*a = 5*q - 121. Suppose -c - 18 = -q. Calculate the remainder when c is divided by 1.
0
Calculate the remainder when 2/12 + 3286/12 is divided by 72.
58
Suppose 813 = 4*p + v, 0 = 13*v - 15*v - 6. What is the remainder when p is divided by 84?
36
Suppose -4*w = 5*w + 45. Let s = 40 + w. Calculate the remainder when 100 is divided by s.
30
Let k(j) = 4*j + 156. What is the remainder when 418 is divided by k(-34)?
18
What is the remainder when 233 is divided by (7*1)/((-186)/(-558))?
2
Let t = -42 - -53. What is the remainder when 0 + 29 - (9 + -10) is divided by t?
8
Let p = -5 + 5. Suppose -2*d + 5*d - 6 = p. Suppose d*o = -5*v + 276, 0 = -2*v - 0*o + 5*o + 93. What is the remainder when v is divided by 19?
16
Let n(q) = 3 + 0*q + 0*q - 2*q + 0*q. What is the remainder when n(-1) is divided by 3?
2
Suppose -4*k - 144 = -13*k. What is the remainder when 35 is divided by k?
3
Let g(j) = -23*j + 7. Let q be g(5). Let o = 167 + q. What is the remainder when o is divided by 12?
11
Suppose -53 = -2*r + 87. Let s = -41 + r. Let b(i) = 2*i**2 - 2*i - 2. What is the remainder when s is divided by b(-2)?
9
Let z(l) = l**3 - 25*l**2 + 2*l - 37. Suppose -7*n + 86 = -89. Calculate the remainder when 37 is divided by z(n).
11
Let i(z) = -10*z**2 - 411*z + 11. Calculate the remainder when 175 is divided by i(-41).
19
Let j = 2339 + -2292. Calculate the remainder when 796 is divided by j.
44
Let x be 5*(408/20 - (1 + -1)). What is the remainder when 60 is divided by x/170 + (-6)/5*-17?
18
Suppose g - 34 = -5*s, 3*s + 130 = 5*g + 8*s. Calculate the remainder when g is divided by 18.
6
Let w(r) = r**2 - 7*r + 8. Let i be w(4). Let l be (i/8*-26)/(-1). What is the remainder when 51 is divided by (-2)/6*3*l?
12
Let z be ((-6)/(-18))/(2/18). Suppose -3*v = -0*q + 5*q - 97, -4*v - 3*q = -144. What is the remainder when v is divided by 2/z + (-88)/(-12)?
7
Calculate the remainder when 27804/252*3*1 is divided by 9.
7
Let k(i) = 17*i**2. Let j be k(-1). Let x = j - -1. Suppose 348 = 5*h - z, 3*h + 2*z - 331 = -130. Calculate the remainder when h is divided by x.
15
Let h(f) = 3*f**2 - 193*f + 954. Let x(v) = -v**2 + 7*v + 5. What is the remainder when h(5) is divided by x(6)?
9
Suppose 2*i - 4*u - 120 = 0, 0 = 3*u - u + 4. Let v = -30 + i. Calculate the remainder when v is divided by 7.
5
What is the remainder when 78/(-130) + (-96)/(-10) is divided by 4?
1
Let c = -24 - -36. Calculate the remainder when 24 is divided by (18/c)/((-2)/(-12)).
6
Let i = -15 + -23. Calculate the remainder when 3/(-1) + (-7)/(7/i) is divided by 12.
11
Suppose 5*l + 2*c - 162 = -c, 2*c = 4*l - 112. What is the remainder when l is divided by 19?
11
Let v(n) = 15*n**2 - 2*n + 1. Let h be 2/(-7) - (-886)/14. Let r = h + -22. Calculate the remainder when r is divided by v(1).
13
Let v = 262 + -211. What is the remainder when 304 is divided by v?
49
Suppose -u = 2*u - 3. Let b = 8 + 7. Suppose 2 = -4*c - 2*a, 5*c - a = -6*a - b. Calculate the remainder when c is divided by u.
0
Let n(j) = j**3 + 7*j**2 + 3*j + 3. Suppose 12 = -2*a + 2. Calculate the remainder when 149 is divided by n(a).
35
Let q(g) = g**3 - 3*g**2 + g + 2. Let o be q(2). Suppose 4*y + 3*r = 226, 0*y + 2*y + 2*r - 114 = o. Calculate the remainder when y is divided by 1*1*70/5.
13
Let f(y) = y - 6. Let z(k) = 2*k + 2. What is the remainder when f(9) is divided by z(0)?
1
Let d(w) = -w**2 + 24*w - 103. Calculate the remainder when d(12) is divided by 31.
10
Suppose 0 = 2*q + 3*j - 33, -28 = -6*q + 4*q - 4*j. Suppose -2*m + 3*y - 4 = -196, -2*m = 4*y - 178. What is the remainder when m is divided by q?
21
Let o = 73 - 37. Suppose -3*y + y + o = 0. Let j = -6 - -59. Calculate the remainder when j is divided by y.
17
Let z = -22 - -25. Suppose -z*j = f + j - 197, -3*f - 3*j + 555 = 0. What is the remainder when f is divided by 46?
43
Let z be 1 - -25 - -3 - 3. Let m = -13 + z. Let i(c) = -9*c - 3. Calculate the remainder when i(-6) is divided by m.
12
Let i be 4 - -1*(2 - 1). Suppose i = h - 3. Suppose -3*g = 3, -18 = -2*a + 4*g + 14. What is the remainder when a is divided by h?
6
Let j(p) = p**2 + 13*p - 30. Let t be j(-20). Suppose 0 = 5*s - t - 55. What is the remainder when 92 is divided by s?
26
Suppose -f = -3*n + 1, -7 = -3*f - 0*f + 4*n. What is the remainder when f is divided by 2?
1
Let g(l) = -l**3 - 46*l**2 + 94*l - 89. Calculate the remainder when 100 is divided by g(-48).
2
Calculate the remainder when 114 is divided by (-2)/(95/(-19)*2/195).
36
Let b = 1917 + -1838. Calculate the remainder when b is divided by 27.
25
Let u = -308 - -324. What is the remainder when 42 is divided by u?
10
Let m(j) = 6*j - 18. Let p be m(4). Suppose 61 - 283 = -p*y. What is the remainder when y is divided by 13?
11
Let g = -11 - -4. Let h be ((-21)/(-4))/g*-4. Calculate the remainder when (-10)/(-2) - (h + -1) is divided by 1.
0
Suppose 20*l + 294 = 34*l. What is the remainder when 291 is divided by l?
18
Let p be 4 - (1 + 0)/(4/8). Suppose -2*h + 3*q - 9 = -44, -p*h = 5*q - 59. Let r = 16 + -10. Calculate the remainder when h is divided by r.
4
Let d = -510 + 525. What is the remainder when 25 is divided by d?
10
Let w(l) = l**3 - 11*l**2 + 19*l + 14. Suppose -4*a + 60 = 2*a. What is the remainder when w(a) is divided by 21?
20
Let p(j) = 18*j**2 + j. Let i be p(-2). Let n = 35 - i. Calculate the remainder when (n/20)/(2/(-24)) is divided by 12.
9
Calculate the remainder when (-213)/710 - (-3053)/10 is divided by 17.
16
Let s = 81 - 40. Suppose 0 = -c + 2*c + s. Let b = c - -62. What is the remainder when 61 is divided by b?
19
Suppose 2*z - 715 = -5*s, -4*z = s - 180 + 19. Let j = s + -95. What is the remainder when j is divided by 12?
10
Let y(c) = c**2 + 7*c + 8. Let a be y(-6). Suppose 7*x - a*x = k + 445, -4*k + 68 = x. What is the remainder when x is divided by 12/5*(119/14 - -4)?
28
Let z be (-144)/(-1) - -5 - -6. Let t = 165 - z. Calculate the remainder when 2/(1 - (-14)/(-16)) is divided by t.
6
Suppose 1 = r - 4*h, 0 = -2*h + 5*h - 15. Suppose -16*j = 6407 - 7319. What is the remainder when j is divided by r?
15
Calculate the remainder when 495 is divided by ((-5)/10)/(13/(-806)).
30
Suppose -5*a = -363 - 207. What is the remainder when a is divided by 23?
22
Let z(c) = c - 9. Let l be z(-13). Let x = l + 29. Calculate the remainder when 24 is divided by x.
3
Suppose -3*g + 4*p = -19, 12 + 9 = 4*g - p. Let k(r) = r + 2 + 11 + g. What is the remainder when 17 is divided by k(-14)?
1
Let w = -128 + 154. What is the remainder when 57 is divided by w?
5
Suppose 0 = 4*b - 0*b - 12, 0 = 3*r + 3*b - 237. What is the remainder when r is divided by 29?
18
Suppose -4*m + 3*n + 0*n + 208 = 0, -m + 52 = 2*n. What is the remainder when m is divided by 10?
2
Let n(m) = 4*m - 5. Let l be n(3). Let f(u) = u**2 - 6*u + 5. Let w(v) = -58*v**3 + 2*v**2 + 3*v + 1. What is the remainder when w(-1) is divided by f(l)?
10
Let n(c) = 3*c**2 - 7*c - 5. Calculate the remainder when n(-4) is divided by (504/(-147))/(1/(-7)).
23
Let u = -38 + 31. Let w = u - -47. Let v(s) = -s**3 + s + 14. Calculate the remainder when w is divided by v(0).
12
What is the remainder when (-8)/(-39)*1257 + (-10)/(-65) is divided by 2?
0
Let c = 982 + -695. Calculate the remainder when c is divided by 72.
71
Let b(a) = a**2 - 6*a - 5. Let m be b(7). Suppose m*d = -0*d + 10. Let r = d - -2. What is the remainder when 25 is divided by r?
4
Let y(k) = 8*k**2 - 19*k - 98. What is the remainder when y(-4) is divided by 69?
37
Let s = -503 + 517. Calculate the remainder when 51 is divided by s.
9
Let k be 22 + (-9)/(36/(-16)). Let a = 39 - k. What is the remainder when 47 is divided by a?
8
What is the remainder when 267 is divided by (96/(-20) - -4)*(-90)/4?
15
Suppose -16 = -0*g - 4*g. Let d(m) = -m**3 + 5*m**2 - 4*m + 5. Let n be d(g). Suppose -63 = -4*o + n. Calculate the remainder when 33 is divided by o.
16
Suppose -5 = r - 6. Suppose -3*f + 10 + 11 = 0. What is the remainder when (3/r)/(3/26) is divided by f?
5
Let q(c) = c**3 - 2*c**2 - 2*c + 7. Let b be q(3). Let t be ((-4)/(-2))/(2/b). Calculate the remainder when 69 is divided by t - 7 - (-1 - 14).
15
Suppose -2*q = -8*q + 24. Suppose 4*h - 418 = b, 0*h - q*b - 528 = -5*h. What is the remainder when h 